v**3 + 1 + 2*v - 6*v**3 - 6*v**3. Calculate the remainder when 23 is divided by t(-1).
11
Let u = -8 + 11. Let s = u - 0. Suppose 0 = -3*m + 4*y - y + 15, 4*y = m - 14. Calculate the remainder when s is divided by m.
1
Let l be (-2)/(-7) - (-341)/7. Let x(i) = 2*i**2 - i + 3. Calculate the remainder when x(4) is divided by (-14)/l + (-79)/(-7).
9
Let k = -10 - -16. Suppose -s + 8 = -k. What is the remainder when 54 is divided by s?
12
Suppose -55 + 1 = -3*z. What is the remainder when (5/10)/((-2)/(-136)) is divided by z?
16
Suppose -x + 19 = -0*x. Suppose -x = -r + 13. What is the remainder when r is divided by (-4)/14 - (-158)/14?
10
Let a = 8 - -7. Let x = 2 - -2. Suppose -3*z + 38 = f - z, x*f = -3*z + 127. What is the remainder when f is divided by a?
13
What is the remainder when 188 is divided by 82/3 + ((-48)/(-18))/(-8)?
26
Let l = 19 - 17. Calculate the remainder when 6 is divided by l*-2*10/(-20).
0
Let c be 4/2*(-3)/(-3). Suppose 0 = 4*m - 2 - c. Suppose 2*f - 19 = m. Calculate the remainder when 19 is divided by f.
9
What is the remainder when 34 - (-4 + 2 + -2) is divided by 10?
8
Suppose 4*c - 77 = -9. Let j = -7 + c. Calculate the remainder when ((-1)/2)/(1/(-38)) is divided by j.
9
Suppose -s - 4*i = -13, 8 = -3*s + 5*s + 2*i. Let j be (-34)/8 - s/(-4). Calculate the remainder when (42/j)/((-9)/12) is divided by 8.
6
Let z = -105 + 57. What is the remainder when 38 is divided by 14/35 + z/(-5)?
8
Let q(a) = -2*a - 2 - 4*a + 5*a. What is the remainder when 12/(-16) + 118/8 is divided by q(-7)?
4
Let p(j) = j. Suppose 0 = 2*x - 7 + 1. Suppose 3*f - 6*f + 12 = -3*c, x*c = f - 10. What is the remainder when p(1) is divided by f?
0
Let f = -13 + 43. What is the remainder when 3/9*3*f is divided by 16?
14
Suppose 5*m = q + 102, -5*m + 110 = -0*m - 5*q. Calculate the remainder when m is divided by 2/5 - 106/(-10).
9
Let d = 54 - 193. Let j = -58 - d. Suppose p - 5*f = -4*p + 90, 4*p + 5*f = j. Calculate the remainder when p is divided by 7.
5
Let u = -2 + 0. Let d = 7 + u. Let x(r) = 5*r + 57. What is the remainder when d is divided by x(-11)?
1
Suppose 2*v - 50 = -3*v. Let u = -20 - -27. What is the remainder when v is divided by u?
3
Let y(u) = -16*u - 4. Let l(q) = 11*q + 3. Let n(a) = -7*l(a) - 5*y(a). Let x(t) = 2*t - 3. Calculate the remainder when n(9) is divided by x(6).
8
Suppose -9 = -n + 4*g, -27 = n - 3*n - g. Calculate the remainder when 37 is divided by n.
11
Let n(g) = g - 2. Let b(w) = -2*w + 3. Let p(m) = -5*b(m) - 6*n(m). What is the remainder when p(2) is divided by 3?
2
Let k(h) = h**3 + 10*h**2 + 12*h - 17. What is the remainder when 59 is divided by k(-8)?
14
Let p = 21 + -5. What is the remainder when ((-184)/10)/((-30)/75) is divided by p?
14
Let r(x) = -x**2 - 13*x + 7. Let o be r(-14). Let y = 18 + o. What is the remainder when 43 is divided by y?
10
Let u(a) = 2*a**2 - 7. Let g = -1 + 50. What is the remainder when g is divided by u(4)?
24
Let u = 2 - -3. Suppose 3*a + 6 = 5*a, -x + 4 = -3*a. Calculate the remainder when x is divided by u.
3
Suppose 48 = 14*u - 11*u. Calculate the remainder when 47 is divided by u.
15
Let a(t) = -t**3 + 9*t**2 + 5*t + 12. What is the remainder when a(9) is divided by 13?
5
Suppose -l + 13 = 5. What is the remainder when l is divided by 5?
3
Let o = -4 + 5. Let d be -2 + (9 - o) - 1. Suppose 118 - 3 = d*h. Calculate the remainder when h is divided by 8.
7
Suppose -r = 4*r + y - 49, 4*r + 3*y - 37 = 0. Let v(c) = c + 7. Let u be v(5). Suppose -u = -2*n + 26. What is the remainder when n is divided by r?
9
What is the remainder when (-3679)/(-52) + 1/4 is divided by 24?
23
Suppose -15 = -4*n + 17. Let k(w) = w + 4. Let i be k(-4). What is the remainder when n is divided by i - 4/8*-10?
3
What is the remainder when (-266)/(-6) + 11/(-33) is divided by 24?
20
Suppose 0*v = -2*v + 4, 3*r = -2*v + 25. Suppose -r = -2*n - 4*s + 3, -n + 5*s + 33 = 0. Calculate the remainder when 25 is divided by n.
12
Suppose 7*v = -0*v + 56. What is the remainder when 16 is divided by v?
0
What is the remainder when 43 is divided by 26 + (-2 - -8)*(-2)/6?
19
Let a be 0 + 0 + (-3)/3. Let q be 4 + 3 - (-3 - -5). Let j = q + a. What is the remainder when 10 is divided by j?
2
Let b(t) = 10*t - 1. Suppose 4*z - 3*h + 9 = 241, z - 3*h - 67 = 0. Suppose -p + 19 = -c, 5*p = -6*c + c + z. What is the remainder when b(3) is divided by p?
14
Let t(a) = -a - 5. Let k be t(-7). Let p(c) = 2 + 2*c**2 + c**3 - 4*c + 3*c + 0*c**2. Calculate the remainder when 46 is divided by p(k).
14
Suppose 4*g - 51 = 9. Calculate the remainder when 70 is divided by g.
10
Let w = 22 + -12. Let z be (4/w)/((-2)/(-30)). Let i(y) = -y**3 + 7*y**2 - 5*y + 4. Calculate the remainder when i(z) is divided by 4.
2
Let o = 13 - -20. What is the remainder when 97 is divided by o?
31
Suppose 0 = -4*d - 8 - 16. Let p(j) = -j**2 - 6*j + 7. Let c be p(d). Suppose -q = -c - 1. What is the remainder when q is divided by 3?
2
Let b = -19 + 29. Suppose 5*i + n + b = 0, -3*i + 3 = -5*n - 19. Calculate the remainder when 40 is divided by 14*(i - 2/(-1)).
12
Suppose -8 = -n + 3*c + 9, -3*c = -3*n + 21. Calculate the remainder when n is divided by 2.
0
Suppose -3*v = 15, 4*f - 4*v = -2*v + 34. What is the remainder when 23 is divided by f?
5
Calculate the remainder when 693/12 + (-3)/(-12) is divided by 20.
18
Let g(h) = 2*h + 2. Let j be g(2). Suppose 2*c - 4*f = 14, 0 = 4*c + j*f - 2*f - 52. Calculate the remainder when 20 is divided by c.
9
Let h(c) = -c**2 - 5*c + 3. Let p(a) = -7*a + 16. Calculate the remainder when h(-4) is divided by p(2).
1
Let i be -3 + (-24)/(-3) + -3. Suppose a - 4*a = -4*s - 20, a - 8 = i*s. Calculate the remainder when 13 is divided by a.
1
Calculate the remainder when 61 is divided by (38/133)/(1/77).
17
Let t(r) = 619*r**3 - 1. Let z be t(-1). What is the remainder when 4/14 + z/(-35) is divided by 5?
3
Suppose -p + 25 = -3*j, -4*p + 5*p + 2*j - 10 = 0. What is the remainder when 42 is divided by p?
10
Suppose -5*t = -15 - 0. Suppose 4*u = -2*y + 3*u + 7, 13 = 3*y + 2*u. What is the remainder when t is divided by y?
0
Let t(d) = 2*d + 6. Let g be t(9). Calculate the remainder when (-85)/1*g/(-30) is divided by 14.
12
Let c = 2 + -2. Suppose 2*i + 4*o = 28, 3*o - 30 = -c*i - 2*i. Calculate the remainder when 33 is divided by i.
15
Suppose 0 = -10*j + 5*j + 15. Suppose 188 = j*y + y. What is the remainder when y is divided by 10?
7
Let c be 16/6 - (-3)/9. Suppose 0*h - 5*h = -c*d + 5, -5*h = -4*d. Calculate the remainder when h/((-15)/13 - -1) is divided by 9.
8
Suppose 14 = 2*v - v. Calculate the remainder when 40 is divided by v.
12
Let t(j) = 2*j**2 - 4*j + 3. Let k(x) = -x**2 - 11*x - 1. Calculate the remainder when k(-9) is divided by t(3).
8
Let k = 19 - -25. What is the remainder when k is divided by 17?
10
Let i(t) = 7*t - 39. What is the remainder when 75 is divided by i(11)?
37
Suppose 0 = 8*m - 5*m - 48. Suppose -4*n + 0*v - v = -31, 4*v + m = 4*n. What is the remainder when 24 is divided by n?
3
Suppose -2*v + 0 = l - 6, 3*l = -v + 13. Calculate the remainder when 45 is divided by (l/10)/((-5)/(-150)).
9
Suppose 4*r + 32 = 188. Let k(d) = -3*d - 10. What is the remainder when r is divided by k(-8)?
11
Suppose 4*c - 5*x = 99, -c + 69 = 2*c - 2*x. Calculate the remainder when c is divided by 11.
10
Suppose -2*f - 6 = 3*o, -3*o = -8*o + f + 3. Let b = 2 - o. Suppose 5*h - 5*m + 3 = -2, -5*h - 3*m + 35 = 0. Calculate the remainder when h is divided by b.
0
Let d = 55 - 25. Suppose -f + s = -28, -17 - 57 = -3*f + s. What is the remainder when f is divided by d/(-9)*12/(-5)?
7
Suppose 3*q - 186 = d - 4*d, 5*d - 4*q - 265 = 0. Let o(g) = -g**3 + g + 20. Calculate the remainder when d is divided by o(0).
17
Let o(l) = l. Let a(x) = -5*x + 5. Let m(h) = a(h) + 4*o(h). What is the remainder when 2 is divided by m(3)?
0
Let s be ((-3)/3)/1*0. Suppose 5*i = 5*k + 11 + 34, -4*i - 2*k + 36 = s. Calculate the remainder when 32 is divided by i.
5
Suppose -3*u = -8*u + 125. What is the remainder when u is divided by 9?
7
Suppose 0*c + 2*c + 30 = 2*j, -13 = -j + 2*c. Suppose -7*b = -2*b - 245. What is the remainder when b is divided by j?
15
Let i be -2 - ((-2)/(-1) - 15). Suppose 2*w - 11 = i. What is the remainder when